{"id":12,"date":"2019-03-03T16:30:40","date_gmt":"2019-03-03T16:30:40","guid":{"rendered":"http:\/\/couleurdartiste.com\/?page_id=12"},"modified":"2019-12-15T17:04:42","modified_gmt":"2019-12-15T17:04:42","slug":"contact-agnes-tiollier-artiste-peintre","status":"publish","type":"page","link":"https:\/\/couleurdartiste.com\/index.php\/contact-agnes-tiollier-artiste-peintre\/","title":{"rendered":"Contact"},"content":{"rendered":"<h4>Agn\u00e8s Tiollier Artiste Peintre- Pastelliste<\/h4>\n<h4>a.tiollier@gmail.com<\/h4>\n<p>Mobile : +33 613 82 44 46<\/p>\n<p><a href=\"https:\/\/agnestiollier.com\">https:\/\/agnestiollier.com<\/a><\/p>\n","protected":false},"excerpt":{"rendered":"<p>Agn\u00e8s Tiollier Artiste Peintre- Pastelliste a.tiollier@gmail.com Mobile : +33 613 82 44 46 https:\/\/agnestiollier.com<\/p>\n","protected":false},"author":1,"featured_media":0,"parent":0,"menu_order":0,"comment_status":"closed","ping_status":"closed","template":"","meta":{"footnotes":""},"class_list":["post-12","page","type-page","status-publish","hentry"],"yoast_head":"<!-- This site is optimized with the Yoast SEO plugin v22.6 - https:\/\/yoast.com\/wordpress\/plugins\/seo\/ -->\n<title>Agn\u00e8s Tiollier artiste peintre, atelier Couleur d&#039;ArTiste \u00e0 Lyon<\/title>\n<meta name=\"description\" content=\"Les huilles et pastels d&#039;Agn\u00e8s Tiollier repr\u00e9sentent la beaut\u00e9 de la nature et de ses couleurs. L&#039;atelier couleur d&#039;ArTiste vous les pr\u00e9sentent\" \/>\n<meta name=\"robots\" content=\"index, follow, max-snippet:-1, max-image-preview:large, max-video-preview:-1\" \/>\n<link rel=\"canonical\" href=\"https:\/\/couleurdartiste.com\/index.php\/contact-agnes-tiollier-artiste-peintre\/\" \/>\n<meta property=\"og:locale\" content=\"fr_FR\" \/>\n<meta property=\"og:type\" content=\"article\" \/>\n<meta property=\"og:title\" content=\"Agn\u00e8s Tiollier artiste peintre, atelier Couleur d&#039;ArTiste \u00e0 Lyon\" \/>\n<meta property=\"og:description\" content=\"Les huilles et pastels d&#039;Agn\u00e8s Tiollier repr\u00e9sentent la beaut\u00e9 de la nature et de ses couleurs. L&#039;atelier couleur d&#039;ArTiste vous les pr\u00e9sentent\" \/>\n<meta property=\"og:url\" content=\"https:\/\/couleurdartiste.com\/index.php\/contact-agnes-tiollier-artiste-peintre\/\" \/>\n<meta property=\"og:site_name\" content=\"Agn\u00e8s Tiollier Artiste Peintre\" \/>\n<meta property=\"article:modified_time\" content=\"2019-12-15T17:04:42+00:00\" \/>\n<meta name=\"twitter:card\" content=\"summary_large_image\" \/>\n<script type=\"application\/ld+json\" class=\"yoast-schema-graph\">{\"@context\":\"https:\/\/schema.org\",\"@graph\":[{\"@type\":\"WebPage\",\"@id\":\"https:\/\/couleurdartiste.com\/index.php\/contact-agnes-tiollier-artiste-peintre\/\",\"url\":\"https:\/\/couleurdartiste.com\/index.php\/contact-agnes-tiollier-artiste-peintre\/\",\"name\":\"Agn\u00e8s Tiollier artiste peintre, atelier Couleur d'ArTiste \u00e0 Lyon\",\"isPartOf\":{\"@id\":\"https:\/\/couleurdartiste.com\/#website\"},\"datePublished\":\"2019-03-03T16:30:40+00:00\",\"dateModified\":\"2019-12-15T17:04:42+00:00\",\"description\":\"Les huilles et pastels d'Agn\u00e8s Tiollier repr\u00e9sentent la beaut\u00e9 de la nature et de ses couleurs. L'atelier couleur d'ArTiste vous les pr\u00e9sentent\",\"breadcrumb\":{\"@id\":\"https:\/\/couleurdartiste.com\/index.php\/contact-agnes-tiollier-artiste-peintre\/#breadcrumb\"},\"inLanguage\":\"fr-FR\",\"potentialAction\":[{\"@type\":\"ReadAction\",\"target\":[\"https:\/\/couleurdartiste.com\/index.php\/contact-agnes-tiollier-artiste-peintre\/\"]}]},{\"@type\":\"BreadcrumbList\",\"@id\":\"https:\/\/couleurdartiste.com\/index.php\/contact-agnes-tiollier-artiste-peintre\/#breadcrumb\",\"itemListElement\":[{\"@type\":\"ListItem\",\"position\":1,\"name\":\"Accueil\",\"item\":\"https:\/\/couleurdartiste.com\/\"},{\"@type\":\"ListItem\",\"position\":2,\"name\":\"Contact\"}]},{\"@type\":\"WebSite\",\"@id\":\"https:\/\/couleurdartiste.com\/#website\",\"url\":\"https:\/\/couleurdartiste.com\/\",\"name\":\"Agn\u00e8s Tiollier Artiste Peintre\",\"description\":\"Couleur d&#039;ArTiste\",\"publisher\":{\"@id\":\"https:\/\/couleurdartiste.com\/#organization\"},\"potentialAction\":[{\"@type\":\"SearchAction\",\"target\":{\"@type\":\"EntryPoint\",\"urlTemplate\":\"https:\/\/couleurdartiste.com\/?s={search_term_string}\"},\"query-input\":\"required name=search_term_string\"}],\"inLanguage\":\"fr-FR\"},{\"@type\":\"Organization\",\"@id\":\"https:\/\/couleurdartiste.com\/#organization\",\"name\":\"Couleur d'ArTiste Lyon\",\"url\":\"https:\/\/couleurdartiste.com\/\",\"logo\":{\"@type\":\"ImageObject\",\"inLanguage\":\"fr-FR\",\"@id\":\"https:\/\/couleurdartiste.com\/#\/schema\/logo\/image\/\",\"url\":\"https:\/\/couleurdartiste.com\/wp-content\/uploads\/2019\/12\/photo-Atelier.jpg\",\"contentUrl\":\"https:\/\/couleurdartiste.com\/wp-content\/uploads\/2019\/12\/photo-Atelier.jpg\",\"width\":928,\"height\":616,\"caption\":\"Couleur d'ArTiste Lyon\"},\"image\":{\"@id\":\"https:\/\/couleurdartiste.com\/#\/schema\/logo\/image\/\"},\"sameAs\":[\"http:\/\/agnestiollierartiste\",\"http:\/\/agnestiollier\/artiste\"]}]}<\/script>\n<!-- \/ Yoast SEO plugin. -->","yoast_head_json":{"title":"Agn\u00e8s Tiollier artiste peintre, atelier Couleur d'ArTiste \u00e0 Lyon","description":"Les huilles et pastels d'Agn\u00e8s Tiollier repr\u00e9sentent la beaut\u00e9 de la nature et de ses couleurs. L'atelier couleur d'ArTiste vous les pr\u00e9sentent","robots":{"index":"index","follow":"follow","max-snippet":"max-snippet:-1","max-image-preview":"max-image-preview:large","max-video-preview":"max-video-preview:-1"},"canonical":"https:\/\/couleurdartiste.com\/index.php\/contact-agnes-tiollier-artiste-peintre\/","og_locale":"fr_FR","og_type":"article","og_title":"Agn\u00e8s Tiollier artiste peintre, atelier Couleur d'ArTiste \u00e0 Lyon","og_description":"Les huilles et pastels d'Agn\u00e8s Tiollier repr\u00e9sentent la beaut\u00e9 de la nature et de ses couleurs. L'atelier couleur d'ArTiste vous les pr\u00e9sentent","og_url":"https:\/\/couleurdartiste.com\/index.php\/contact-agnes-tiollier-artiste-peintre\/","og_site_name":"Agn\u00e8s Tiollier Artiste Peintre","article_modified_time":"2019-12-15T17:04:42+00:00","twitter_card":"summary_large_image","schema":{"@context":"https:\/\/schema.org","@graph":[{"@type":"WebPage","@id":"https:\/\/couleurdartiste.com\/index.php\/contact-agnes-tiollier-artiste-peintre\/","url":"https:\/\/couleurdartiste.com\/index.php\/contact-agnes-tiollier-artiste-peintre\/","name":"Agn\u00e8s Tiollier artiste peintre, atelier Couleur d'ArTiste \u00e0 Lyon","isPartOf":{"@id":"https:\/\/couleurdartiste.com\/#website"},"datePublished":"2019-03-03T16:30:40+00:00","dateModified":"2019-12-15T17:04:42+00:00","description":"Les huilles et pastels d'Agn\u00e8s Tiollier repr\u00e9sentent la beaut\u00e9 de la nature et de ses couleurs. L'atelier couleur d'ArTiste vous les pr\u00e9sentent","breadcrumb":{"@id":"https:\/\/couleurdartiste.com\/index.php\/contact-agnes-tiollier-artiste-peintre\/#breadcrumb"},"inLanguage":"fr-FR","potentialAction":[{"@type":"ReadAction","target":["https:\/\/couleurdartiste.com\/index.php\/contact-agnes-tiollier-artiste-peintre\/"]}]},{"@type":"BreadcrumbList","@id":"https:\/\/couleurdartiste.com\/index.php\/contact-agnes-tiollier-artiste-peintre\/#breadcrumb","itemListElement":[{"@type":"ListItem","position":1,"name":"Accueil","item":"https:\/\/couleurdartiste.com\/"},{"@type":"ListItem","position":2,"name":"Contact"}]},{"@type":"WebSite","@id":"https:\/\/couleurdartiste.com\/#website","url":"https:\/\/couleurdartiste.com\/","name":"Agn\u00e8s Tiollier Artiste Peintre","description":"Couleur d&#039;ArTiste","publisher":{"@id":"https:\/\/couleurdartiste.com\/#organization"},"potentialAction":[{"@type":"SearchAction","target":{"@type":"EntryPoint","urlTemplate":"https:\/\/couleurdartiste.com\/?s={search_term_string}"},"query-input":"required name=search_term_string"}],"inLanguage":"fr-FR"},{"@type":"Organization","@id":"https:\/\/couleurdartiste.com\/#organization","name":"Couleur d'ArTiste Lyon","url":"https:\/\/couleurdartiste.com\/","logo":{"@type":"ImageObject","inLanguage":"fr-FR","@id":"https:\/\/couleurdartiste.com\/#\/schema\/logo\/image\/","url":"https:\/\/couleurdartiste.com\/wp-content\/uploads\/2019\/12\/photo-Atelier.jpg","contentUrl":"https:\/\/couleurdartiste.com\/wp-content\/uploads\/2019\/12\/photo-Atelier.jpg","width":928,"height":616,"caption":"Couleur d'ArTiste Lyon"},"image":{"@id":"https:\/\/couleurdartiste.com\/#\/schema\/logo\/image\/"},"sameAs":["http:\/\/agnestiollierartiste","http:\/\/agnestiollier\/artiste"]}]}},"_links":{"self":[{"href":"https:\/\/couleurdartiste.com\/index.php\/wp-json\/wp\/v2\/pages\/12","targetHints":{"allow":["GET"]}}],"collection":[{"href":"https:\/\/couleurdartiste.com\/index.php\/wp-json\/wp\/v2\/pages"}],"about":[{"href":"https:\/\/couleurdartiste.com\/index.php\/wp-json\/wp\/v2\/types\/page"}],"author":[{"embeddable":true,"href":"https:\/\/couleurdartiste.com\/index.php\/wp-json\/wp\/v2\/users\/1"}],"replies":[{"embeddable":true,"href":"https:\/\/couleurdartiste.com\/index.php\/wp-json\/wp\/v2\/comments?post=12"}],"version-history":[{"count":5,"href":"https:\/\/couleurdartiste.com\/index.php\/wp-json\/wp\/v2\/pages\/12\/revisions"}],"predecessor-version":[{"id":105,"href":"https:\/\/couleurdartiste.com\/index.php\/wp-json\/wp\/v2\/pages\/12\/revisions\/105"}],"wp:attachment":[{"href":"https:\/\/couleurdartiste.com\/index.php\/wp-json\/wp\/v2\/media?parent=12"}],"curies":[{"name":"wp","href":"https:\/\/api.w.org\/{rel}","templated":true}]}}