{"id":33,"date":"2019-03-03T16:36:11","date_gmt":"2019-03-03T16:36:11","guid":{"rendered":"http:\/\/couleurdartiste.com\/?page_id=33"},"modified":"2024-05-08T08:07:25","modified_gmt":"2024-05-08T08:07:25","slug":"horaires","status":"publish","type":"page","link":"https:\/\/couleurdartiste.com\/index.php\/horaires\/","title":{"rendered":"Horaires"},"content":{"rendered":"<p>Couleur d&rsquo;ArTiste est ouvert sur Rendez vous, n&rsquo;h\u00e9siter pas \u00e0 appeler Au 06 13 82 44 46<\/p>\n","protected":false},"excerpt":{"rendered":"<p>Couleur d&rsquo;ArTiste est ouvert sur Rendez vous, n&rsquo;h\u00e9siter pas \u00e0 appeler Au 06 13 82 44 46<\/p>\n","protected":false},"author":1,"featured_media":0,"parent":0,"menu_order":0,"comment_status":"closed","ping_status":"closed","template":"","meta":{"footnotes":""},"class_list":["post-33","page","type-page","status-publish","hentry"],"yoast_head":"<!-- This site is optimized with the Yoast SEO plugin v22.6 - https:\/\/yoast.com\/wordpress\/plugins\/seo\/ -->\n<title>Horaires - Agn\u00e8s Tiollier Artiste Peintre<\/title>\n<meta name=\"robots\" content=\"index, follow, max-snippet:-1, max-image-preview:large, max-video-preview:-1\" \/>\n<link rel=\"canonical\" href=\"https:\/\/couleurdartiste.com\/index.php\/horaires\/\" \/>\n<meta property=\"og:locale\" content=\"fr_FR\" \/>\n<meta property=\"og:type\" content=\"article\" \/>\n<meta property=\"og:title\" content=\"Horaires - Agn\u00e8s Tiollier Artiste Peintre\" \/>\n<meta property=\"og:description\" content=\"Couleur d&rsquo;ArTiste est ouvert sur Rendez vous, n&rsquo;h\u00e9siter pas \u00e0 appeler Au 06 13 82 44 46\" \/>\n<meta property=\"og:url\" content=\"https:\/\/couleurdartiste.com\/index.php\/horaires\/\" \/>\n<meta property=\"og:site_name\" content=\"Agn\u00e8s Tiollier Artiste Peintre\" \/>\n<meta property=\"article:modified_time\" content=\"2024-05-08T08:07:25+00:00\" \/>\n<meta name=\"twitter:card\" content=\"summary_large_image\" \/>\n<script type=\"application\/ld+json\" class=\"yoast-schema-graph\">{\"@context\":\"https:\/\/schema.org\",\"@graph\":[{\"@type\":\"WebPage\",\"@id\":\"https:\/\/couleurdartiste.com\/index.php\/horaires\/\",\"url\":\"https:\/\/couleurdartiste.com\/index.php\/horaires\/\",\"name\":\"Horaires - Agn\u00e8s Tiollier Artiste Peintre\",\"isPartOf\":{\"@id\":\"https:\/\/couleurdartiste.com\/#website\"},\"datePublished\":\"2019-03-03T16:36:11+00:00\",\"dateModified\":\"2024-05-08T08:07:25+00:00\",\"breadcrumb\":{\"@id\":\"https:\/\/couleurdartiste.com\/index.php\/horaires\/#breadcrumb\"},\"inLanguage\":\"fr-FR\",\"potentialAction\":[{\"@type\":\"ReadAction\",\"target\":[\"https:\/\/couleurdartiste.com\/index.php\/horaires\/\"]}]},{\"@type\":\"BreadcrumbList\",\"@id\":\"https:\/\/couleurdartiste.com\/index.php\/horaires\/#breadcrumb\",\"itemListElement\":[{\"@type\":\"ListItem\",\"position\":1,\"name\":\"Accueil\",\"item\":\"https:\/\/couleurdartiste.com\/\"},{\"@type\":\"ListItem\",\"position\":2,\"name\":\"Horaires\"}]},{\"@type\":\"WebSite\",\"@id\":\"https:\/\/couleurdartiste.com\/#website\",\"url\":\"https:\/\/couleurdartiste.com\/\",\"name\":\"Agn\u00e8s Tiollier Artiste Peintre\",\"description\":\"Couleur d&#039;ArTiste\",\"publisher\":{\"@id\":\"https:\/\/couleurdartiste.com\/#organization\"},\"potentialAction\":[{\"@type\":\"SearchAction\",\"target\":{\"@type\":\"EntryPoint\",\"urlTemplate\":\"https:\/\/couleurdartiste.com\/?s={search_term_string}\"},\"query-input\":\"required name=search_term_string\"}],\"inLanguage\":\"fr-FR\"},{\"@type\":\"Organization\",\"@id\":\"https:\/\/couleurdartiste.com\/#organization\",\"name\":\"Couleur d'ArTiste Lyon\",\"url\":\"https:\/\/couleurdartiste.com\/\",\"logo\":{\"@type\":\"ImageObject\",\"inLanguage\":\"fr-FR\",\"@id\":\"https:\/\/couleurdartiste.com\/#\/schema\/logo\/image\/\",\"url\":\"https:\/\/couleurdartiste.com\/wp-content\/uploads\/2019\/12\/photo-Atelier.jpg\",\"contentUrl\":\"https:\/\/couleurdartiste.com\/wp-content\/uploads\/2019\/12\/photo-Atelier.jpg\",\"width\":928,\"height\":616,\"caption\":\"Couleur d'ArTiste Lyon\"},\"image\":{\"@id\":\"https:\/\/couleurdartiste.com\/#\/schema\/logo\/image\/\"},\"sameAs\":[\"http:\/\/agnestiollierartiste\",\"http:\/\/agnestiollier\/artiste\"]}]}<\/script>\n<!-- \/ Yoast SEO plugin. -->","yoast_head_json":{"title":"Horaires - Agn\u00e8s Tiollier Artiste Peintre","robots":{"index":"index","follow":"follow","max-snippet":"max-snippet:-1","max-image-preview":"max-image-preview:large","max-video-preview":"max-video-preview:-1"},"canonical":"https:\/\/couleurdartiste.com\/index.php\/horaires\/","og_locale":"fr_FR","og_type":"article","og_title":"Horaires - Agn\u00e8s Tiollier Artiste Peintre","og_description":"Couleur d&rsquo;ArTiste est ouvert sur Rendez vous, n&rsquo;h\u00e9siter pas \u00e0 appeler Au 06 13 82 44 46","og_url":"https:\/\/couleurdartiste.com\/index.php\/horaires\/","og_site_name":"Agn\u00e8s Tiollier Artiste Peintre","article_modified_time":"2024-05-08T08:07:25+00:00","twitter_card":"summary_large_image","schema":{"@context":"https:\/\/schema.org","@graph":[{"@type":"WebPage","@id":"https:\/\/couleurdartiste.com\/index.php\/horaires\/","url":"https:\/\/couleurdartiste.com\/index.php\/horaires\/","name":"Horaires - Agn\u00e8s Tiollier Artiste Peintre","isPartOf":{"@id":"https:\/\/couleurdartiste.com\/#website"},"datePublished":"2019-03-03T16:36:11+00:00","dateModified":"2024-05-08T08:07:25+00:00","breadcrumb":{"@id":"https:\/\/couleurdartiste.com\/index.php\/horaires\/#breadcrumb"},"inLanguage":"fr-FR","potentialAction":[{"@type":"ReadAction","target":["https:\/\/couleurdartiste.com\/index.php\/horaires\/"]}]},{"@type":"BreadcrumbList","@id":"https:\/\/couleurdartiste.com\/index.php\/horaires\/#breadcrumb","itemListElement":[{"@type":"ListItem","position":1,"name":"Accueil","item":"https:\/\/couleurdartiste.com\/"},{"@type":"ListItem","position":2,"name":"Horaires"}]},{"@type":"WebSite","@id":"https:\/\/couleurdartiste.com\/#website","url":"https:\/\/couleurdartiste.com\/","name":"Agn\u00e8s Tiollier Artiste Peintre","description":"Couleur d&#039;ArTiste","publisher":{"@id":"https:\/\/couleurdartiste.com\/#organization"},"potentialAction":[{"@type":"SearchAction","target":{"@type":"EntryPoint","urlTemplate":"https:\/\/couleurdartiste.com\/?s={search_term_string}"},"query-input":"required name=search_term_string"}],"inLanguage":"fr-FR"},{"@type":"Organization","@id":"https:\/\/couleurdartiste.com\/#organization","name":"Couleur d'ArTiste Lyon","url":"https:\/\/couleurdartiste.com\/","logo":{"@type":"ImageObject","inLanguage":"fr-FR","@id":"https:\/\/couleurdartiste.com\/#\/schema\/logo\/image\/","url":"https:\/\/couleurdartiste.com\/wp-content\/uploads\/2019\/12\/photo-Atelier.jpg","contentUrl":"https:\/\/couleurdartiste.com\/wp-content\/uploads\/2019\/12\/photo-Atelier.jpg","width":928,"height":616,"caption":"Couleur d'ArTiste Lyon"},"image":{"@id":"https:\/\/couleurdartiste.com\/#\/schema\/logo\/image\/"},"sameAs":["http:\/\/agnestiollierartiste","http:\/\/agnestiollier\/artiste"]}]}},"_links":{"self":[{"href":"https:\/\/couleurdartiste.com\/index.php\/wp-json\/wp\/v2\/pages\/33","targetHints":{"allow":["GET"]}}],"collection":[{"href":"https:\/\/couleurdartiste.com\/index.php\/wp-json\/wp\/v2\/pages"}],"about":[{"href":"https:\/\/couleurdartiste.com\/index.php\/wp-json\/wp\/v2\/types\/page"}],"author":[{"embeddable":true,"href":"https:\/\/couleurdartiste.com\/index.php\/wp-json\/wp\/v2\/users\/1"}],"replies":[{"embeddable":true,"href":"https:\/\/couleurdartiste.com\/index.php\/wp-json\/wp\/v2\/comments?post=33"}],"version-history":[{"count":3,"href":"https:\/\/couleurdartiste.com\/index.php\/wp-json\/wp\/v2\/pages\/33\/revisions"}],"predecessor-version":[{"id":163,"href":"https:\/\/couleurdartiste.com\/index.php\/wp-json\/wp\/v2\/pages\/33\/revisions\/163"}],"wp:attachment":[{"href":"https:\/\/couleurdartiste.com\/index.php\/wp-json\/wp\/v2\/media?parent=33"}],"curies":[{"name":"wp","href":"https:\/\/api.w.org\/{rel}","templated":true}]}}